What is the remainder when q is divided by 30?
27
Suppose j = -0*j - 8. Let a = j + 24. What is the remainder when 27 is divided by a?
11
Let x(k) = k**3 - 61*k**2 + 122*k - 173. What is the remainder when 238 is divided by x(59)?
49
Suppose 55*y - 56*y + 31 = 0. Suppose 2*c + 5*h - 33 = 0, -4*h + 14 = 2*c - 14. What is the remainder when y - (-5)/5*c is divided by 18?
17
Let o be (-84)/(-2) - (40 - 38). Let l = 127 - o. What is the remainder when l is divided by 34?
19
Let b = -4 - -9. Let x be -1*(4 + b)/1. Let z = x - -27. Calculate the remainder when z is divided by 10.
8
Suppose -3*f - i + 9 = 0, 5*i + 8 = 4*f - 4. Suppose 6 = f*s - s. What is the remainder when s is divided by 2?
1
Suppose 3 = l - 4. Suppose 5*h = -2*h + 182. What is the remainder when h is divided by l?
5
Let a(i) be the first derivative of -3*i**2 - 4*i - 1. What is the remainder when (-2)/(-3)*333/6 is divided by a(-4)?
17
Let y(w) = -2*w**3 + 0*w + 10*w**3 - 2 + 8*w**3 + 3*w - 2*w**2. Calculate the remainder when y(2) is divided by 18.
16
Let p(b) = b**2 - 8*b + 5. Let x be p(8). Suppose x*j = 12*j - 175. Calculate the remainder when j is divided by 14.
11
Suppose x = 9 + 39. Suppose 2*n - x = -2*n. Calculate the remainder when -1 - -1 - 141/(-3) is divided by n.
11
Let h(n) = n**2 + 2*n - 22. What is the remainder when h(-10) is divided by 16?
10
Let t = 18 + -2. Let i be (-2)/(-4) - (-6)/4. Suppose -2 = 3*z - 0*z - 5*v, i*z + 4*v = 28. Calculate the remainder when t is divided by z.
4
Let x be 0 + 4/2 + 13. Let f(g) = -3 + x*g + 13 - g**2 - 3*g. Calculate the remainder when 28 is divided by f(12).
8
Let x(c) = 8*c - 85. Suppose p - 4*k - k - 109 = 0, 5*k - 695 = -5*p. What is the remainder when p is divided by x(14)?
26
Suppose -u - 2*s - 1 = 0, 2*u - u + s - 1 = 0. Let o = 4506 + -4504. Calculate the remainder when u is divided by o.
1
Let d(t) = -3*t**2 + 10*t - 7. Let q be d(-7). Let a = -157 - q. Calculate the remainder when a is divided by 23.
21
Suppose 0 = -19*i + 1492 - 48. What is the remainder when i is divided by 34?
8
Let y(c) = 2*c**2 + 4*c + 1. Let v be y(-5). What is the remainder when 91 is divided by (v/(-1))/(8 - 9)?
29
Suppose 17*p - 14*p - 30 = 5*z, 5*p + 4*z - 87 = 0. Suppose 14 = -2*t + 4. What is the remainder when p is divided by (-43)/(-5) + (-2)/t?
6
Let l = 80 - 45. Let h(g) = 20*g - 1. Calculate the remainder when l is divided by h(1).
16
Let t be 297/4 - (-39)/52. Suppose -3*q + t = 2*q. Let f(u) = u**3 - u**2 + 2*u + 1. What is the remainder when f(4) is divided by q?
12
Suppose q = -2*m - 5, 4 = -4*m + 3*q - 1. Suppose 4*g - 12 = -4*f, -5*g = 4 + 16. Let h = f - m. What is the remainder when h is divided by 5?
4
Suppose 66 - 3 = 3*b. Suppose -5*y - 1230 = -8*y. Suppose -y = -11*u + u. What is the remainder when u is divided by b?
20
Suppose -a - 4*q = -3*a, a = 5*q + 6. Let x be (-2*1)/(a/312). Suppose -5*n + 49 = -x. Calculate the remainder when n is divided by 14.
13
Let p = -159 + 197. What is the remainder when p is divided by 26?
12
Suppose 1216 + 624 = 40*r. What is the remainder when 112 is divided by r?
20
Let p(o) = 7*o**2 + 18*o + 52. Calculate the remainder when p(-4) is divided by 38.
16
Suppose -b + 4 = -2*t + 9, -2 = 2*b. What is the remainder when 99 is divided by t?
1
Let c(o) = 25*o - 268. What is the remainder when 416 is divided by c(19)?
2
Suppose -p - 5*b - 1 = 0, 4*p + 3*b - 11 = 2. Suppose 316 = 4*y - 5*t + 33, 5*y - p*t = 347. What is the remainder when y is divided by 35?
32
Suppose 4*l - y + 74 = 196, -l + 29 = -y. Calculate the remainder when 402 is divided by l.
30
Let n(f) = f**3 - 8*f**2 - 9*f + 5. Let s be n(9). Calculate the remainder when ((-4)/3)/((-34)/1683) is divided by 83/s + (-2)/(-5).
15
Let o = 48 - 44. Calculate the remainder when 23 is divided by o.
3
What is the remainder when 28/(-8)*-2*47 is divided by 11?
10
Calculate the remainder when 17 is divided by (4 - (-64)/(-10))*5/(-2).
5
Suppose -3*o - 2*m - 4 = -m, 4*o - m = -10. Calculate the remainder when 137 is divided by o/12 - (-3587)/102.
32
Suppose 21856 = 29*y - 5230. Calculate the remainder when y is divided by 36.
34
Let s(o) = o**3 + 3*o**2 - 7*o - 5. Let q be 2/((-2)/2) + -2. What is the remainder when (-6 + (-63)/(-14) + -4)*-2 is divided by s(q)?
4
Let l = -11 + 16. Suppose 3*o - 7 = -l*d, 3*d - 2*d + 5*o = -3. Suppose c - d*c = -46. What is the remainder when c is divided by 12?
10
Suppose -5*i + 5 = -30. Suppose -i*h = -3*h - 176. Calculate the remainder when 173 is divided by h.
41
Let r(m) = -16*m - 22 + 4*m - m**2 + 7. Let s(c) = 6*c. What is the remainder when s(3) is divided by r(-10)?
3
Let v = 19 + -11. Let o = 17 - v. Suppose -4*h - 2*y = -4*y - 16, -4*y + 4 = 4*h. Calculate the remainder when o is divided by h.
0
Let u = -22 - -36. Suppose u*i + 4 = 15*i. Suppose -g - i + 25 = 0. Calculate the remainder when g is divided by 5.
1
Let i(q) = q**2 - q - 216. Calculate the remainder when 3527 is divided by i(19).
125
Suppose -4*n + 3*p + 87 = 0, -5*p = n - 2*n + 43. Suppose -5*r + 83 = n. Calculate the remainder when r is divided by 5.
3
Let k = 12 + -13. Let m be 2 - (-80 + -2 + 0). What is the remainder when 55 is divided by ((-1)/k)/(6/m)?
13
Let g(w) = 3*w + 4. Suppose -3*x + 2*u = 4, 2*x - 1 - 3 = 3*u. Let s be g(x). Calculate the remainder when 5 is divided by (s/12)/((-4)/18).
2
Let s(p) = p**2 - 10*p + 2. Let w be s(11). Let t = -9 + w. Suppose -4*l - 4*d = -88, -3*l + 22 + 37 = -t*d. What is the remainder when l is divided by 9?
3
Suppose 1 = -4*z + 833. Suppose -4*d + z = 4*m, -4*d + 2*d + 101 = -m. Calculate the remainder when d is divided by 15.
6
Calculate the remainder when 15 + 5*((-112)/35)/(-8) is divided by 11.
6
Let c(u) = u**3 - 2*u**2 + 4*u - 3. Let p be c(2). Suppose p*y = 55 + 30. Calculate the remainder when 63 is divided by y - (-2)/8*-4.
15
Suppose -q + 64 = a, 41*q = -5*a + 40*q + 332. Calculate the remainder when 188 is divided by a.
54
Let p(o) = -o**3 - 11*o**2 - 21*o - 18. Let h be -13 + -6 + 6 + 8/2. Calculate the remainder when 34 is divided by p(h).
7
Let w(l) = -18*l**3 - 5*l**2 - 6*l - 17. What is the remainder when w(-4) is divided by 30?
29
Suppose w + 16 - 176 = 0. Suppose -4*k + w = 2*j - 6*j, 5*k + j - 212 = 0. What is the remainder when k is divided by 11?
9
Suppose 3*z = -2*q + 2, 8 = -z - 4*q - 8. Calculate the remainder when z is divided by (-14)/(-4)*160/70 + -7.
0
Let b(c) = -c**3 + 12*c**2 - 11*c. Let u be b(11). Suppose -q = -5*a - 215, u*a - 129 = 3*a - q. Let n = a - -60. What is the remainder when 49 is divided by n?
15
Let q(b) = -2*b - 6. Calculate the remainder when 263 is divided by q(-10).
11
Suppose 3*r + 20*b - 18*b = 302, -4*r + 5*b + 418 = 0. Calculate the remainder when r is divided by 45.
12
Suppose -47*q + 9820 = -27*q. What is the remainder when q is divided by 29?
27
Let c(j) = -8*j**2 + 0*j - j**3 + 1 + 3*j**2 + 3*j. Let g(t) = -2*t**3 + 6*t**2 - 3*t + 3. Let f be g(3). What is the remainder when c(f) is divided by 4?
3
Suppose 11 = -5*j - 4*y, -j = y - 0*y + 2. What is the remainder when 62 is divided by 18 + 4*j/6?
14
Calculate the remainder when 150 is divided by (204/(-36) - 2/6) + 57.
48
Suppose 3*n = -f - 20 + 69, 4*f = n + 157. What is the remainder when 137 is divided by f?
17
Suppose -3*i + 41 = -22. Let f(n) = n**2 + 2*n - 5. Let d be f(-4). Suppose -d*o = -28 - 89. Calculate the remainder when o is divided by i.
18
Let u(a) = 6*a - 3. Let y be u(2). Let k(g) = g - 7. Let p = -31 + 39. Calculate the remainder when p is divided by k(y).
0
Let d(j) = -j + 8. Let p be (5 - 2) + (24/(-2) - 3). Calculate the remainder when 77 is divided by d(p).
17
Suppose 6*c - 1075 = -829. What is the remainder when 254 is divided by c?
8
Suppose -9*u = -7*u - 4. Suppose 281 = 2*w - 3*s, -s + 734 = 5*w + u*s. Calculate the remainder when w is divided by 30.
25
Let b(h) = -h**3 - 40*h**2 + 39*h - 27. Calculate the remainder when 201 is divided by b(-41).
36
Suppose 2*t - 5*o - 805 = 0, 270 + 1700 = 5*t - 4*o. Suppose n = -5*n + t. What is the remainder when n is divided by 17?
14
Let r be (4 + (-16)/4)/(1 + -3). Suppose -3*u = v - 11, -6*u + 2*u - 3*v + 23 = r. Calculate the remainder when 4 is divided by u.
0
Let q = 1178 + -1027. Calculate the remainder when q 